nds digit of 9049480/(-165)*3/(-4)?
4
Let h = 79 - 71. Suppose -h*w + 2836 = 1180. What is the hundreds digit of w?
2
Let f(p) = 3906*p - 6273. What is the thousands digit of f(11)?
6
Suppose -1645 = -2*f + a + 1959, f + a = 1808. Suppose 9*u = -2*u + f. What is the tens digit of u?
6
Let w(s) = -s**2 - 14*s. Let k be w(-14). Suppose -11*p + 67 + 21 = k. What is the units digit of p?
8
Let a = 37005 + -11656. What is the units digit of a?
9
Let l(h) = 154*h**2 - 283*h - 4122. What is the units digit of l(-15)?
3
Suppose -7*a - 8 = -11*a. Let d(p) = -3*p**3 - p**2 + p - 6. Let b be d(a). What is the units digit of 1*(3 - b*1)?
5
Let c = -41369 + 70141. What is the ten thousands digit of c?
2
Suppose -n + 7 = -0*n. Let l(x) = -6 + 23 + n*x - x**2 - 7 + 20. What is the units digit of l(9)?
2
What is the units digit of (-460)/(19 - (-17153)/(-901))?
0
What is the tens digit of (-97886)/(-12) - (-144)/(-864)?
5
Let x(f) = -f**3 + 3*f**2 + 2*f + 4. Suppose -v + 5*p = 1, -v + 7 = -0*p + 3*p. Let o be x(v). What is the units digit of (o/10)/(4/(-790))?
9
Let t be 0/((-4)/2*1). Suppose -k + 510 + 310 = t. What is the hundreds digit of k?
8
Suppose 12*z - 5*x - 1879 = 10*z, -3*x + 3 = 0. Suppose -4*n - 706 = -3*o, 5*n + z = 4*o - 0*o. What is the units digit of o?
8
Let s = -552 + 2758. Suppose -s = -5*f + 404. What is the units digit of f?
2
Let f = 19823 - 8782. What is the units digit of f?
1
Let n(x) be the third derivative of x**5/60 - x**4/12 + x**3/6 + 26*x**2. Suppose w + 6 = -3*l + 5*w, w = 2*l + 4. What is the units digit of n(l)?
9
Let f = 212 + -504. Let j = -197 - f. Suppose -8*p = -7*p - j. What is the tens digit of p?
9
Let c(p) = -p**3 - 11*p**2 + 7*p + 34. Suppose -21*h = -15*h + 72. What is the tens digit of c(h)?
9
Let d(p) = 639*p**2 - 278*p + 2508. What is the tens digit of d(9)?
6
What is the hundreds digit of (240/64)/(-3*1/(-11448))?
3
Suppose 0 = l - 4*q - 6583, -26286 = -5*l + 11*q + 6656. What is the thousands digit of l?
6
Suppose -16 = 409*m - 413*m. Suppose 5*l - 5*f - 1686 = -6*f, -1368 = -4*l + m*f. What is the tens digit of l?
3
Let w(m) = 20*m - 12. Let f(y) = -25*y + 12. Let d(t) = -3*f(t) - 4*w(t). What is the units digit of d(-10)?
2
Suppose -4034 = -4*y + 1358. Suppose -2*h - 4*s + y = 0, 5*h + 21 - 3376 = 5*s. What is the tens digit of h?
7
Let j be 93 + ((-27)/81)/((-1)/3). Suppose 0 = 5*d - d + 4*l - 328, -d + 5*l + j = 0. What is the units digit of d?
4
Suppose 4*t + t = 15. Let o(j) = -45*j + 35*j - t + 28. What is the units digit of o(-20)?
5
Suppose -11*i = -3*x - 154494, 4*x - 14022 = -i + x. What is the hundreds digit of i?
0
Let j(x) = 6*x + 5. Let p be j(-1). What is the tens digit of ((710/(-25))/p)/((-4)/(-10))?
7
Suppose -2*d - 6 = -5*j - 32, -d - 5*j + 28 = 0. Suppose -6*a = d*a - 5808. What is the tens digit of a?
4
Suppose -13 + 41 = 4*i. Suppose -26*g + i*g + 4522 = 0. What is the tens digit of g?
3
Let a(z) be the first derivative of 297*z**2/2 - 99*z + 4. What is the thousands digit of a(5)?
1
Let s = 18982 - 436. What is the hundreds digit of s?
5
Suppose 0 = -12*b + 60 + 84. Suppose -4*z = -5*x + 11 + 4, -4*x + b = 0. Suppose z = m - 32 + 8. What is the units digit of m?
4
Let r(g) = -16*g**3 + 444*g**2 - 45*g + 30. What is the thousands digit of r(11)?
1
Suppose -24*l - 12643 = -123643. What is the thousands digit of l?
4
Suppose 4*v - 3*v - 5*j - 260 = 0, -3*v = 4*j - 837. Let w = -235 + v. What is the units digit of w?
0
Suppose 0 = 43*z - 29*z + 28*z - 1804404. What is the units digit of z?
2
Let b = 876 - -188. What is the thousands digit of b?
1
Let h(w) = w**3 - 8*w**2 + 9*w. Let a be h(7). Let k = 32 - a. Suppose 0 = 4*p + k - 106. What is the units digit of p?
2
Suppose 19*u - 908650 = -17*u + 2*u. What is the units digit of u?
5
Suppose 0 = -4*q - 5*v - 4, 28 = 12*q - 8*q - 3*v. Let m(w) = -w**3 + 11*w**2 - 7*w + 2. What is the units digit of m(q)?
6
Let f = 18 + -13. What is the tens digit of (f/(-40)*114)/((-6)/280)?
6
Let n(w) = 32*w + 12. Suppose 0 = 4*o + 4*t - 39 - 25, 5*t = 5*o - 130. Let x be (-19 + 4)*(o/(-9) - -2). What is the hundreds digit of n(x)?
1
Let f = 566 + -559. Suppose -4*h = u - 932, -3*u - 5*h - 3833 = -f*u. What is the tens digit of u?
5
Let z(w) = -42*w**2 - 2*w + 19. Let b(p) = -42*p**2 - 4*p + 18. Let o(v) = -3*b(v) + 2*z(v). What is the hundreds digit of o(4)?
6
What is the units digit of (-10*6/(-30))/((-2)/(-8189))?
9
Let f = -609 + 606. What is the hundreds digit of (f/2)/((-57)/4864)?
1
Suppose 149*m - 156*m = -21. Suppose -4*v - p = -1714, -3*v - 10 = -m*p - 1288. What is the units digit of v?
8
Suppose -5*y + 55 = -a, 19 = 3*y + 3*a - 14. Let i(s) = -4*s + 40. Let d be i(y). What is the units digit of -2 - -211*(-4)/d?
9
Suppose 32690 = 2*x + 3*r, 0 = -12*x + 8*x + 5*r + 65402. What is the tens digit of x?
4
Suppose 5*u = -4*l + 88, 4*u - 9*l + 11*l = 74. Suppose -8*n - u = -68. Suppose -3*p + 515 = i - n*i, 5*p - 837 = 3*i. What is the units digit of p?
5
Let n(d) = 2*d**2 - 7*d + 77. Let r be n(18). What is the hundreds digit of r/((-6)/(-9)*(-21)/(-14))?
5
Let c be 0*4/8 - 6. Let b = 8 + c. Suppose 0 = -b*a + g + 53, 2 = -4*g - 2. What is the units digit of a?
6
Suppose 2*o + 8*h + 19 = 13*h, -4*o = 4*h - 32. Suppose 5*b = 4*b - 3*s + 29, -o*s + 61 = 2*b. What is the units digit of b?
2
Suppose -2*m + 0*m + 2 = -2*h, 4*m + 4*h = 12. Suppose m*k + 65 = 15*k. What is the units digit of (2/(-4))/(k/(-410))?
1
Suppose -3*d + 2879 = -5*o, -3*o = -0*d + 5*d - 4855. Let b = d - 513. What is the tens digit of b?
5
Let p = -894 + 1212. What is the units digit of p?
8
Let u(t) = 595*t**2 - 20*t - 20. Let l be u(-1). Suppose 0 = -2*b - 3*p + 72 + l, -2*p + 1013 = 3*b. What is the units digit of b?
1
Let o(g) = 2*g**2 + 3*g + 2. Let w be o(-1). Let h be w/((-2 + 1)/(-3)). Suppose 0 = -h*c - 2*u + 322, 2*c = c - u + 107. What is the tens digit of c?
0
Let f = 170 + -40. Suppose -f + 589 = 3*i. What is the hundreds digit of i?
1
Let y(r) = 6*r - 16 - 162*r**3 - 2*r**2 + 170*r**3 - 2*r - 4*r**2. What is the hundreds digit of y(4)?
4
Let d(c) = -c - 19. Let l be d(-19). Suppose 0 = -l*p - 5*p + 30. Suppose -p*a + 171 = 3*a. What is the tens digit of a?
1
Suppose -2360 = -3*l - i, -3*l + 2*i + 3926 = 2*l. Suppose -2*z + 4*o + 400 = 0, -4*z - l = -8*z + o. What is the hundreds digit of z?
1
Let y(f) be the first derivative of -185*f**2 + 17*f - 97. What is the tens digit of y(-1)?
8
Let v(n) = -9*n + 17. Suppose 0 = 2*g - x - 47, -91 = -5*g + 4*x + 34. Suppose g - 1 = -4*r. What is the tens digit of v(r)?
6
What is the units digit of (-24)/(-6) + 179112/17?
0
What is the units digit of 5 + (-1826506)/(4 + -26)?
8
What is the units digit of 678*923/546 + 2/(-14)?
6
Suppose 19*q - 6 = 32. Suppose -4*b + 331 = -3*b + q*d, 0 = 4*d - 8. What is the tens digit of b?
2
Let q(k) = -104*k - 84. Let l(x) = 2*x**2 + 3*x - 75. Let h be l(5). What is the tens digit of q(h)?
5
Let g(p) = -p**3 + 28*p**2 - 6*p + 39. Let h be g(13). Suppose -2*y - 5*v - 379 + 2875 = 0, 2*y = 5*v + h. What is the units digit of y?
8
Suppose 0 = 3*q + v - 73204, 3*q - 81*v - 73212 = -84*v. What is the units digit of q?
0
Let c = 5416 - -574. What is the tens digit of c?
9
Suppose 0 = -9*g + 259095 - 59187. What is the ten thousands digit of g?
2
Let o(w) = -321*w + 5586. What is the units digit of o(-94)?
0
Suppose 6*f - 202020 - 188524 = -4*n, 0 = -f - 4*n + 65094. What is the tens digit of f?
9
Let n(s) = -15461*s + 1249. What is the ten thousands digit of n(-3)?
4
Let c = -2041 + 2050. Suppose 7812 = -0*b + 4*b. Suppose 0 = c*p + 342 - b. What is the units digit of p?
9
Let d = -15814 + 17900. What is the thousands digit of d?
2
Suppose 6*j + 213 = -231. Let b(p) = 7*p. Let f be b(-2). Let k = f - j. What is the tens digit of k?
6
Let q be (-2346)/(-21) - (-14)/49. Suppose -18*v + 19*v = q. Suppose -t = -2*w - 0*w + 45, -v = -5*w + 2*t. What is the units digit of w?
2
Suppose -186375 = 87*u - 810426. What is the hundreds digit of u?
1
Suppose 0 = 2*w - 5*x - 19824, 2*w - 28*x - 19820 = -25*x. What is the hundreds digit of w?
9
Suppose 151430 = -78*r + 158*r - 70*r. What is the thousands digit of r?
5
Suppose 43*m + 5*t + 1167 = 45*m, 0 = 5*m + 5*t - 2900. Let k = m - 326. What is the hundreds